{"id":1275,"date":"2024-07-02T07:39:25","date_gmt":"2024-07-02T07:39:25","guid":{"rendered":"http:\/\/192.168.0.235:10004\/?page_id=1275"},"modified":"2025-08-31T10:33:48","modified_gmt":"2025-08-31T08:33:48","slug":"couples-counseling","status":"publish","type":"page","link":"https:\/\/brest-sophrologue.fr\/index.php\/couples-counseling\/","title":{"rendered":"Parcours Confiance en soi"},"content":{"rendered":"\t\t<div data-elementor-type=\"wp-page\" data-elementor-id=\"1275\" class=\"elementor elementor-1275\">\n\t\t\t\t<div class=\"elementor-element elementor-element-74243e32 e-flex e-con-boxed rt-default-class e-con e-parent\" data-id=\"74243e32\" data-element_type=\"container\">\n\t\t\t\t\t<div class=\"e-con-inner\">\n\t\t<div class=\"elementor-element elementor-element-22a8c264 e-con-full e-flex rt-default-class e-con e-child\" data-id=\"22a8c264\" data-element_type=\"container\">\n\t\t\t\t<div class=\"elementor-element elementor-element-4cdaa319 rt-default-class elementor-widget elementor-widget-react-heading\" data-id=\"4cdaa319\" data-element_type=\"widget\" data-widget_type=\"react-heading.default\">\n\t\t\t\t<div class=\"elementor-widget-container\">\n\t\t\t\t\t<div class=\"animation-wow fadeInUp react-heading default\">\r\n\t\t\t<div class=\"title-inner\">\r\n\t\t\t\t<span class=\"bg-color-3 sub-text subtitle wow fadeInUp\">Mes services<\/span><div class=\"wow fadeInUp\"><h2 class=\"title word-line\">Osez vous affirmer, tout simplement<\/h2><\/div>\t\t\t<\/div>\r\n\t\t\t\r\n\t\t\t\t\t\t\t<div class=\"description wow fadeInUp \">\r\n\t\t\t\t\t<p>Un accompagnement pour retrouver votre juste place, oser dire non et<br \/>renforcer l\u2019estime de soi<\/p>\t\t\t\t<\/div>\r\n\t\t\t\t\t\t\t\t<\/div>\t\t\t\r\n\t\t\t<\/div>\n\t\t\t\t<\/div>\n\t\t<div class=\"elementor-element elementor-element-a95a246 e-con-full e-flex rt-default-class e-con e-child\" data-id=\"a95a246\" data-element_type=\"container\">\n\t\t\t\t<div class=\"elementor-element elementor-element-2c549d1a rt-default-class elementor-widget elementor-widget-heading\" data-id=\"2c549d1a\" data-element_type=\"widget\" data-widget_type=\"heading.default\">\n\t\t\t\t<div class=\"elementor-widget-container\">\n\t\t\t<div class=\"elementor-heading-title elementor-size-default\"><h2 class=\"d-inline id-color-2\">280\u20ac<\/h2><\/div>\t\t<\/div>\n\t\t\t\t<\/div>\n\t\t\t\t<div class=\"elementor-element elementor-element-59b77f2d rt-default-class elementor-widget elementor-widget-heading\" data-id=\"59b77f2d\" data-element_type=\"widget\" data-widget_type=\"heading.default\">\n\t\t\t\t<div class=\"elementor-widget-container\">\n\t\t\t<div class=\"elementor-heading-title elementor-size-default\">les 5 s\u00e9ances<\/div>\t\t<\/div>\n\t\t\t\t<\/div>\n\t\t\t\t<\/div>\n\t\t\t\t<\/div>\n\t\t<div class=\"elementor-element elementor-element-19688057 e-con-full e-flex rt-default-class e-con e-child\" data-id=\"19688057\" data-element_type=\"container\">\n\t\t\t\t<div class=\"elementor-element elementor-element-3cd30942 rt-default-class elementor-widget elementor-widget-image\" data-id=\"3cd30942\" data-element_type=\"widget\" data-widget_type=\"image.default\">\n\t\t\t\t<div class=\"elementor-widget-container\">\n\t\t\t\t\t\t\t\t\t\t\t\t\t<img fetchpriority=\"high\" decoding=\"async\" width=\"640\" height=\"905\" src=\"https:\/\/brest-sophrologue.fr\/wp-content\/uploads\/2025\/04\/Copie-de-Parcours-Confiance-en-soi-724x1024.png\" class=\"attachment-large size-large wp-image-2835\" alt=\"\" srcset=\"https:\/\/brest-sophrologue.fr\/wp-content\/uploads\/2025\/04\/Copie-de-Parcours-Confiance-en-soi-724x1024.png 724w, https:\/\/brest-sophrologue.fr\/wp-content\/uploads\/2025\/04\/Copie-de-Parcours-Confiance-en-soi-212x300.png 212w, https:\/\/brest-sophrologue.fr\/wp-content\/uploads\/2025\/04\/Copie-de-Parcours-Confiance-en-soi-768x1086.png 768w, https:\/\/brest-sophrologue.fr\/wp-content\/uploads\/2025\/04\/Copie-de-Parcours-Confiance-en-soi-1086x1536.png 1086w, https:\/\/brest-sophrologue.fr\/wp-content\/uploads\/2025\/04\/Copie-de-Parcours-Confiance-en-soi.png 1414w\" sizes=\"(max-width: 640px) 100vw, 640px\" \/>\t\t\t\t\t\t\t\t\t\t\t\t\t<\/div>\n\t\t\t\t<\/div>\n\t\t\t\t<\/div>\n\t\t\t\t\t<\/div>\n\t\t\t\t<\/div>\n\t\t<div class=\"elementor-element elementor-element-2c5a726a e-flex e-con-boxed rt-default-class e-con e-parent\" data-id=\"2c5a726a\" data-element_type=\"container\" data-settings=\"{&quot;background_background&quot;:&quot;classic&quot;}\">\n\t\t\t\t\t<div class=\"e-con-inner\">\n\t\t\t\t<div class=\"elementor-element elementor-element-7b5dd2bd elementor-widget__width-initial elementor-widget-mobile__width-inherit rt-default-class elementor-widget elementor-widget-react-heading\" data-id=\"7b5dd2bd\" data-element_type=\"widget\" data-widget_type=\"react-heading.default\">\n\t\t\t\t<div class=\"elementor-widget-container\">\n\t\t\t\t\t<div class=\"animation-style1 react-heading default\">\r\n\t\t\t<div class=\"title-inner\">\r\n\t\t\t\t<div class=\"style1\"><h4 class=\"title word-line\">Pour qui ?<\/h4><\/div>\t\t\t<\/div>\r\n\t\t\t\r\n\t\t\t\t\t\t\t<div class=\"description style1 \">\r\n\t\t\t\t\t<p>Ce parcours est fait pour vous si :<\/p><ul><li>vous doutez de vous, de vos choix, de votre place<\/li><li>vous avez du mal \u00e0 prendre la parole ou \u00e0 dire non<\/li><li>vous vous sentez souvent \u201cen retrait\u201d, avec une peur de mal faire<\/li><\/ul>\t\t\t\t<\/div>\r\n\t\t\t\t\t\t\t\t<\/div>\t\t\t\r\n\t\t\t<\/div>\n\t\t\t\t<\/div>\n\t\t\t\t<div class=\"elementor-element elementor-element-47903203 elementor-widget__width-initial elementor-widget-mobile__width-inherit rt-default-class elementor-widget elementor-widget-react-heading\" data-id=\"47903203\" data-element_type=\"widget\" data-widget_type=\"react-heading.default\">\n\t\t\t\t<div class=\"elementor-widget-container\">\n\t\t\t\t\t<div class=\"animation-style1 react-heading default\">\r\n\t\t\t<div class=\"title-inner\">\r\n\t\t\t\t<div class=\"style1\"><h4 class=\"title word-line\">Ce que ce parcours va vous apporter<\/h4><\/div>\t\t\t<\/div>\r\n\t\t\t\r\n\t\t\t\t\t\t\t<div class=\"description style1 \">\r\n\t\t\t\t\t<ul><li>Une posture plus affirm\u00e9e et plus sereine<\/li><li>Une meilleure connaissance de vos ressources<\/li><li>Des outils pour vous ancrer dans vos capacit\u00e9s<\/li><li>Une nouvelle relation \u00e0 vous-m\u00eame, plus douce et plus solide<\/li><\/ul>\t\t\t\t<\/div>\r\n\t\t\t\t\t\t\t\t<\/div>\t\t\t\r\n\t\t\t<\/div>\n\t\t\t\t<\/div>\n\t\t\t\t<div class=\"elementor-element elementor-element-678d5d7c elementor-widget__width-initial elementor-widget-mobile__width-inherit rt-default-class elementor-widget elementor-widget-react-heading\" data-id=\"678d5d7c\" data-element_type=\"widget\" data-widget_type=\"react-heading.default\">\n\t\t\t\t<div class=\"elementor-widget-container\">\n\t\t\t\t\t<div class=\"animation-style1 react-heading default\">\r\n\t\t\t<div class=\"title-inner\">\r\n\t\t\t\t<div class=\"style1\"><h4 class=\"title word-line\">Ce que comprend ce parcours<\/h4><\/div>\t\t\t<\/div>\r\n\t\t\t\r\n\t\t\t\t\t\t\t<div class=\"description style1 \">\r\n\t\t\t\t\t<ul><li>5 s\u00e9ances individuelles<\/li><li>Relaxation dynamique, ancrage corporel, visualisation d\u2019affirmation<\/li><li>Supports \u00e0 emporter : PDF Ancrer ses r\u00e9ussites + audio de renforcement positif<\/li><li>Rythme recommand\u00e9 : 1 s\u00e9ance tous les 7 \u00e0 10 jours<\/li><li>En pr\u00e9sentiel ou en visio<\/li><\/ul>\t\t\t\t<\/div>\r\n\t\t\t\t\t\t\t\t<\/div>\t\t\t\r\n\t\t\t<\/div>\n\t\t\t\t<\/div>\n\t\t\t\t\t<\/div>\n\t\t\t\t<\/div>\n\t\t<div class=\"elementor-element elementor-element-35d1ae75 e-flex e-con-boxed rt-default-class e-con e-parent\" data-id=\"35d1ae75\" data-element_type=\"container\">\n\t\t\t\t\t<div class=\"e-con-inner\">\n\t\t\t\t\t<\/div>\n\t\t\t\t<\/div>\n\t\t\t\t<\/div>\n\t\t","protected":false},"excerpt":{"rendered":"<p>Mes services Osez vous affirmer, tout simplement Un accompagnement pour retrouver votre juste place, oser dire non etrenforcer l\u2019estime de soi 280\u20ac les 5 s\u00e9ances Pour qui ? Ce parcours est fait pour vous si : vous doutez de vous, de vos choix, de votre place vous avez du mal \u00e0 prendre la parole ou&#8230;<\/p>\n","protected":false},"author":1,"featured_media":0,"parent":0,"menu_order":0,"comment_status":"closed","ping_status":"closed","template":"elementor_header_footer","meta":{"footnotes":""},"class_list":["post-1275","page","type-page","status-publish","hentry"],"aioseo_notices":[],"_links":{"self":[{"href":"https:\/\/brest-sophrologue.fr\/index.php\/wp-json\/wp\/v2\/pages\/1275","targetHints":{"allow":["GET"]}}],"collection":[{"href":"https:\/\/brest-sophrologue.fr\/index.php\/wp-json\/wp\/v2\/pages"}],"about":[{"href":"https:\/\/brest-sophrologue.fr\/index.php\/wp-json\/wp\/v2\/types\/page"}],"author":[{"embeddable":true,"href":"https:\/\/brest-sophrologue.fr\/index.php\/wp-json\/wp\/v2\/users\/1"}],"replies":[{"embeddable":true,"href":"https:\/\/brest-sophrologue.fr\/index.php\/wp-json\/wp\/v2\/comments?post=1275"}],"version-history":[{"count":23,"href":"https:\/\/brest-sophrologue.fr\/index.php\/wp-json\/wp\/v2\/pages\/1275\/revisions"}],"predecessor-version":[{"id":3449,"href":"https:\/\/brest-sophrologue.fr\/index.php\/wp-json\/wp\/v2\/pages\/1275\/revisions\/3449"}],"wp:attachment":[{"href":"https:\/\/brest-sophrologue.fr\/index.php\/wp-json\/wp\/v2\/media?parent=1275"}],"curies":[{"name":"wp","href":"https:\/\/api.w.org\/{rel}","templated":true}]}}