{"id":2989,"date":"2025-08-21T13:02:49","date_gmt":"2025-08-21T11:02:49","guid":{"rendered":"https:\/\/brest-sophrologue.fr\/?page_id=2989"},"modified":"2026-01-07T12:09:33","modified_gmt":"2026-01-07T11:09:33","slug":"elementor-page-2989","status":"publish","type":"page","link":"https:\/\/brest-sophrologue.fr\/index.php\/elementor-page-2989\/","title":{"rendered":"Interventions ext\u00e9rieures"},"content":{"rendered":"\t\t<div data-elementor-type=\"wp-page\" data-elementor-id=\"2989\" class=\"elementor elementor-2989\">\n\t\t\t\t<div class=\"elementor-element elementor-element-8b96023 e-flex e-con-boxed rt-default-class e-con e-parent\" data-id=\"8b96023\" data-element_type=\"container\">\n\t\t\t\t\t<div class=\"e-con-inner\">\n\t\t\t\t<div class=\"elementor-element elementor-element-56b37d7 rt-default-class elementor-widget elementor-widget-text-editor\" data-id=\"56b37d7\" data-element_type=\"widget\" data-widget_type=\"text-editor.default\">\n\t\t\t\t<div class=\"elementor-widget-container\">\n\t\t\t\t\t\t\t<p>J\u2019interviens en dehors du cabinet au sein de structures et d\u2019organismes, pour proposer des ateliers et cycles de sophrologie adapt\u00e9s \u00e0 des publics vari\u00e9s.<\/p><p data-start=\"2338\" data-end=\"2483\">Ces interventions peuvent \u00eatre ponctuelles ou s\u2019inscrire dans un cadre plus r\u00e9gulier, en fonction des besoins et des projets de chaque structure.<\/p>\t\t\t\t\t\t<\/div>\n\t\t\t\t<\/div>\n\t\t\t\t\t<\/div>\n\t\t\t\t<\/div>\n\t\t<div class=\"elementor-element elementor-element-ac110e8 e-flex e-con-boxed rt-default-class e-con e-parent\" data-id=\"ac110e8\" data-element_type=\"container\">\n\t\t\t\t\t<div class=\"e-con-inner\">\n\t\t\t\t<div class=\"elementor-element elementor-element-4b0da39 rt-default-class elementor-widget elementor-widget-heading\" data-id=\"4b0da39\" data-element_type=\"widget\" data-widget_type=\"heading.default\">\n\t\t\t\t<div class=\"elementor-widget-container\">\n\t\t\t<h2 class=\"elementor-heading-title elementor-size-default\">S\u00e9ances collectives \u00e0 la r\u00e9sidence seniors Oh Activ \u2013 Brest<\/h2>\t\t<\/div>\n\t\t\t\t<\/div>\n\t\t\t\t\t<\/div>\n\t\t\t\t<\/div>\n\t\t<div class=\"elementor-element elementor-element-1049d43 e-grid e-con-boxed rt-default-class e-con e-parent\" data-id=\"1049d43\" data-element_type=\"container\">\n\t\t\t\t\t<div class=\"e-con-inner\">\n\t\t\t\t<div class=\"elementor-element elementor-element-5a9e514 rt-default-class elementor-widget elementor-widget-image\" data-id=\"5a9e514\" data-element_type=\"widget\" data-widget_type=\"image.default\">\n\t\t\t\t<div class=\"elementor-widget-container\">\n\t\t\t\t\t\t\t\t\t\t\t\t\t<img fetchpriority=\"high\" decoding=\"async\" width=\"640\" height=\"598\" src=\"https:\/\/brest-sophrologue.fr\/wp-content\/uploads\/2025\/09\/oh-activ-brest-723x675-1.jpg\" class=\"attachment-large size-large wp-image-3547\" alt=\"\" srcset=\"https:\/\/brest-sophrologue.fr\/wp-content\/uploads\/2025\/09\/oh-activ-brest-723x675-1.jpg 723w, https:\/\/brest-sophrologue.fr\/wp-content\/uploads\/2025\/09\/oh-activ-brest-723x675-1-300x280.jpg 300w\" sizes=\"(max-width: 640px) 100vw, 640px\" \/>\t\t\t\t\t\t\t\t\t\t\t\t\t<\/div>\n\t\t\t\t<\/div>\n\t\t\t\t<div class=\"elementor-element elementor-element-ad80f5b rt-default-class elementor-widget elementor-widget-text-editor\" data-id=\"ad80f5b\" data-element_type=\"widget\" data-widget_type=\"text-editor.default\">\n\t\t\t\t<div class=\"elementor-widget-container\">\n\t\t\t\t\t\t\t<p data-start=\"189\" data-end=\"337\">De septembre \u00e0 novembre 2025, j\u2019ai eu le plaisir d\u2019intervenir au sein de la r\u00e9sidence services seniors <strong data-start=\"640\" data-end=\"652\">Oh Activ<\/strong>, \u00e0 Brest, pour animer des cycles de sophrologie aupr\u00e8s des r\u00e9sidents.<\/p><p data-start=\"707\" data-end=\"886\">=&gt; Un joli partenariat, n\u00e9 d\u2019une belle rencontre, qui s\u2019inscrit dans la continuit\u00e9 de ma mission : apporter plus de s\u00e9r\u00e9nit\u00e9 et de pr\u00e9sence \u00e0 soi dans la vie quotidienne.<\/p>\t\t\t\t\t\t<\/div>\n\t\t\t\t<\/div>\n\t\t\t\t\t<\/div>\n\t\t\t\t<\/div>\n\t\t<div class=\"elementor-element elementor-element-3fea9a9 e-flex e-con-boxed rt-default-class e-con e-parent\" data-id=\"3fea9a9\" data-element_type=\"container\">\n\t\t\t\t\t<div class=\"e-con-inner\">\n\t\t\t\t<div class=\"elementor-element elementor-element-0d92b74 rt-default-class elementor-widget elementor-widget-heading\" data-id=\"0d92b74\" data-element_type=\"widget\" data-widget_type=\"heading.default\">\n\t\t\t\t<div class=\"elementor-widget-container\">\n\t\t\t<h2 class=\"elementor-heading-title elementor-size-default\">Autres interventions en r\u00e9sidences seniors<\/h2>\t\t<\/div>\n\t\t\t\t<\/div>\n\t\t\t\t\t<\/div>\n\t\t\t\t<\/div>\n\t\t<div class=\"elementor-element elementor-element-ef3681e e-flex e-con-boxed rt-default-class e-con e-parent\" data-id=\"ef3681e\" data-element_type=\"container\">\n\t\t\t\t\t<div class=\"e-con-inner\">\n\t\t<div class=\"elementor-element elementor-element-72e43d0 e-con-full e-flex rt-default-class e-con e-child\" data-id=\"72e43d0\" data-element_type=\"container\">\n\t\t\t\t<div class=\"elementor-element elementor-element-ab5597f rt-default-class elementor-widget elementor-widget-image\" data-id=\"ab5597f\" data-element_type=\"widget\" data-widget_type=\"image.default\">\n\t\t\t\t<div class=\"elementor-widget-container\">\n\t\t\t\t\t\t\t\t\t\t\t\t\t<img decoding=\"async\" width=\"640\" height=\"480\" src=\"https:\/\/brest-sophrologue.fr\/wp-content\/uploads\/2026\/01\/Seance_decouverte_Jardin_d_Arcadie_Lambezellec2-1-1024x768.jpg\" class=\"attachment-large size-large wp-image-3701\" alt=\"\" srcset=\"https:\/\/brest-sophrologue.fr\/wp-content\/uploads\/2026\/01\/Seance_decouverte_Jardin_d_Arcadie_Lambezellec2-1-1024x768.jpg 1024w, https:\/\/brest-sophrologue.fr\/wp-content\/uploads\/2026\/01\/Seance_decouverte_Jardin_d_Arcadie_Lambezellec2-1-300x225.jpg 300w, https:\/\/brest-sophrologue.fr\/wp-content\/uploads\/2026\/01\/Seance_decouverte_Jardin_d_Arcadie_Lambezellec2-1-768x576.jpg 768w, https:\/\/brest-sophrologue.fr\/wp-content\/uploads\/2026\/01\/Seance_decouverte_Jardin_d_Arcadie_Lambezellec2-1-1536x1152.jpg 1536w, https:\/\/brest-sophrologue.fr\/wp-content\/uploads\/2026\/01\/Seance_decouverte_Jardin_d_Arcadie_Lambezellec2-1-2048x1536.jpg 2048w\" sizes=\"(max-width: 640px) 100vw, 640px\" \/>\t\t\t\t\t\t\t\t\t\t\t\t\t<\/div>\n\t\t\t\t<\/div>\n\t\t\t\t<\/div>\n\t\t<div class=\"elementor-element elementor-element-2aa7916 e-con-full e-flex rt-default-class e-con e-child\" data-id=\"2aa7916\" data-element_type=\"container\">\n\t\t\t\t<div class=\"elementor-element elementor-element-6a9b935 rt-default-class elementor-widget elementor-widget-image\" data-id=\"6a9b935\" data-element_type=\"widget\" data-widget_type=\"image.default\">\n\t\t\t\t<div class=\"elementor-widget-container\">\n\t\t\t\t\t\t\t\t\t\t\t\t\t<img decoding=\"async\" width=\"640\" height=\"480\" src=\"https:\/\/brest-sophrologue.fr\/wp-content\/uploads\/2026\/01\/image1-1024x768.jpeg\" class=\"attachment-large size-large wp-image-3700\" alt=\"\" srcset=\"https:\/\/brest-sophrologue.fr\/wp-content\/uploads\/2026\/01\/image1-1024x768.jpeg 1024w, https:\/\/brest-sophrologue.fr\/wp-content\/uploads\/2026\/01\/image1-300x225.jpeg 300w, https:\/\/brest-sophrologue.fr\/wp-content\/uploads\/2026\/01\/image1-768x576.jpeg 768w, https:\/\/brest-sophrologue.fr\/wp-content\/uploads\/2026\/01\/image1-1536x1152.jpeg 1536w, https:\/\/brest-sophrologue.fr\/wp-content\/uploads\/2026\/01\/image1-2048x1536.jpeg 2048w\" sizes=\"(max-width: 640px) 100vw, 640px\" \/>\t\t\t\t\t\t\t\t\t\t\t\t\t<\/div>\n\t\t\t\t<\/div>\n\t\t\t\t<\/div>\n\t\t<div class=\"elementor-element elementor-element-471da23 e-con-full e-flex rt-default-class e-con e-child\" data-id=\"471da23\" data-element_type=\"container\">\n\t\t\t\t<div class=\"elementor-element elementor-element-748bd2e rt-default-class elementor-widget elementor-widget-text-editor\" data-id=\"748bd2e\" data-element_type=\"widget\" data-widget_type=\"text-editor.default\">\n\t\t\t\t<div class=\"elementor-widget-container\">\n\t\t\t\t\t\t\t<p data-start=\"3263\" data-end=\"3414\">J\u2019interviens \u00e9galement, ponctuellement ou dans le cadre de projets sp\u00e9cifiques, au sein d\u2019autres r\u00e9sidences services seniors \u00e0 Brest et dans sa r\u00e9gion.<\/p><p data-start=\"3263\" data-end=\"3414\">Chaque intervention est construite en lien avec les \u00e9quipes, le public accueilli et les objectifs de la structure, dans une approche respectueuse du rythme et des besoins des r\u00e9sidents<\/p>\t\t\t\t\t\t<\/div>\n\t\t\t\t<\/div>\n\t\t\t\t<\/div>\n\t\t\t\t\t<\/div>\n\t\t\t\t<\/div>\n\t\t<div class=\"elementor-element elementor-element-c25967c e-flex e-con-boxed rt-default-class e-con e-parent\" data-id=\"c25967c\" data-element_type=\"container\">\n\t\t\t\t\t<div class=\"e-con-inner\">\n\t\t\t\t<div class=\"elementor-element elementor-element-c87d3e4 rt-default-class elementor-widget elementor-widget-heading\" data-id=\"c87d3e4\" data-element_type=\"widget\" data-widget_type=\"heading.default\">\n\t\t\t\t<div class=\"elementor-widget-container\">\n\t\t\t<h2 class=\"elementor-heading-title elementor-size-default\">CAMIEG \u2013 Cycles de 3 s\u00e9ances autour du sommeil<\/h2>\t\t<\/div>\n\t\t\t\t<\/div>\n\t\t\t\t\t<\/div>\n\t\t\t\t<\/div>\n\t\t<div class=\"elementor-element elementor-element-3ccafae e-flex e-con-boxed rt-default-class e-con e-parent\" data-id=\"3ccafae\" data-element_type=\"container\">\n\t\t\t\t\t<div class=\"e-con-inner\">\n\t\t<div class=\"elementor-element elementor-element-fc0270f e-con-full e-flex rt-default-class e-con e-child\" data-id=\"fc0270f\" data-element_type=\"container\">\n\t\t\t\t<div class=\"elementor-element elementor-element-d4802cf rt-default-class elementor-widget elementor-widget-image\" data-id=\"d4802cf\" data-element_type=\"widget\" data-widget_type=\"image.default\">\n\t\t\t\t<div class=\"elementor-widget-container\">\n\t\t\t\t\t\t\t\t\t\t\t\t\t<img loading=\"lazy\" decoding=\"async\" width=\"640\" height=\"480\" src=\"https:\/\/brest-sophrologue.fr\/wp-content\/uploads\/2025\/09\/Photo-06-1024x768.jpg\" class=\"attachment-large size-large wp-image-3536\" alt=\"\" srcset=\"https:\/\/brest-sophrologue.fr\/wp-content\/uploads\/2025\/09\/Photo-06-1024x768.jpg 1024w, https:\/\/brest-sophrologue.fr\/wp-content\/uploads\/2025\/09\/Photo-06-300x225.jpg 300w, https:\/\/brest-sophrologue.fr\/wp-content\/uploads\/2025\/09\/Photo-06-768x576.jpg 768w, https:\/\/brest-sophrologue.fr\/wp-content\/uploads\/2025\/09\/Photo-06.jpg 1448w\" sizes=\"(max-width: 640px) 100vw, 640px\" \/>\t\t\t\t\t\t\t\t\t\t\t\t\t<\/div>\n\t\t\t\t<\/div>\n\t\t\t\t<\/div>\n\t\t<div class=\"elementor-element elementor-element-e640064 e-con-full e-flex rt-default-class e-con e-child\" data-id=\"e640064\" data-element_type=\"container\">\n\t\t\t\t<div class=\"elementor-element elementor-element-be6e7d6 rt-default-class elementor-widget elementor-widget-image\" data-id=\"be6e7d6\" data-element_type=\"widget\" data-widget_type=\"image.default\">\n\t\t\t\t<div class=\"elementor-widget-container\">\n\t\t\t\t\t\t\t\t\t\t\t\t\t<img loading=\"lazy\" decoding=\"async\" width=\"640\" height=\"480\" src=\"https:\/\/brest-sophrologue.fr\/wp-content\/uploads\/2025\/09\/Photo-10-1024x768.jpg\" class=\"attachment-large size-large wp-image-3535\" alt=\"\" srcset=\"https:\/\/brest-sophrologue.fr\/wp-content\/uploads\/2025\/09\/Photo-10-1024x768.jpg 1024w, https:\/\/brest-sophrologue.fr\/wp-content\/uploads\/2025\/09\/Photo-10-300x225.jpg 300w, https:\/\/brest-sophrologue.fr\/wp-content\/uploads\/2025\/09\/Photo-10-768x576.jpg 768w, https:\/\/brest-sophrologue.fr\/wp-content\/uploads\/2025\/09\/Photo-10.jpg 1448w\" sizes=\"(max-width: 640px) 100vw, 640px\" \/>\t\t\t\t\t\t\t\t\t\t\t\t\t<\/div>\n\t\t\t\t<\/div>\n\t\t\t\t<\/div>\n\t\t<div class=\"elementor-element elementor-element-4804aaa e-con-full e-flex rt-default-class e-con e-child\" data-id=\"4804aaa\" data-element_type=\"container\">\n\t\t\t\t<div class=\"elementor-element elementor-element-44585e4 rt-default-class elementor-widget elementor-widget-text-editor\" data-id=\"44585e4\" data-element_type=\"widget\" data-widget_type=\"text-editor.default\">\n\t\t\t\t<div class=\"elementor-widget-container\">\n\t\t\t\t\t\t\t<p>Missionn\u00e9e par la <strong data-start=\"557\" data-end=\"567\">CAMIEG<\/strong>, j\u2019ai anim\u00e9 deux cycles de trois s\u00e9ances en septembre et octobre 2025, sur le th\u00e8me <em data-start=\"649\" data-end=\"706\">\u00ab Le sommeil de A \u00e0 ZZZ, on en apprend tous les jours \u00bb<\/em>, \u00e0 destination des adh\u00e9rents retrait\u00e9s.<\/p><p>Objectif : Mieux comprendre les m\u00e9canismes du sommeil, identifier les habitudes qui le perturbent et d\u00e9couvrir des outils simples pour retrouver des nuits plus sereines.<\/p>\t\t\t\t\t\t<\/div>\n\t\t\t\t<\/div>\n\t\t\t\t<\/div>\n\t\t\t\t\t<\/div>\n\t\t\t\t<\/div>\n\t\t<div class=\"elementor-element elementor-element-57f208f e-flex e-con-boxed rt-default-class e-con e-parent\" data-id=\"57f208f\" data-element_type=\"container\">\n\t\t\t\t\t<div class=\"e-con-inner\">\n\t\t\t\t<div class=\"elementor-element elementor-element-5c0f636 rt-default-class elementor-widget elementor-widget-heading\" data-id=\"5c0f636\" data-element_type=\"widget\" data-widget_type=\"heading.default\">\n\t\t\t\t<div class=\"elementor-widget-container\">\n\t\t\t<h2 class=\"elementor-heading-title elementor-size-default\">Exail \u2013 Ateliers en entreprise : sommeil &amp; bien-\u00eatre au travail<\/h2>\t\t<\/div>\n\t\t\t\t<\/div>\n\t\t\t\t\t<\/div>\n\t\t\t\t<\/div>\n\t\t<div class=\"elementor-element elementor-element-3262851 e-flex e-con-boxed rt-default-class e-con e-parent\" data-id=\"3262851\" data-element_type=\"container\">\n\t\t\t\t\t<div class=\"e-con-inner\">\n\t\t<div class=\"elementor-element elementor-element-68edb10 e-con-full e-flex rt-default-class e-con e-child\" data-id=\"68edb10\" data-element_type=\"container\">\n\t\t\t\t<div class=\"elementor-element elementor-element-e24b574 elementor-widget__width-initial rt-default-class elementor-widget elementor-widget-image\" data-id=\"e24b574\" data-element_type=\"widget\" data-widget_type=\"image.default\">\n\t\t\t\t<div class=\"elementor-widget-container\">\n\t\t\t\t\t\t\t\t\t\t\t\t\t<img loading=\"lazy\" decoding=\"async\" width=\"640\" height=\"537\" src=\"https:\/\/brest-sophrologue.fr\/wp-content\/uploads\/2025\/06\/Exail-facebook.png\" class=\"attachment-large size-large wp-image-2871\" alt=\"\" srcset=\"https:\/\/brest-sophrologue.fr\/wp-content\/uploads\/2025\/06\/Exail-facebook.png 940w, https:\/\/brest-sophrologue.fr\/wp-content\/uploads\/2025\/06\/Exail-facebook-300x251.png 300w, https:\/\/brest-sophrologue.fr\/wp-content\/uploads\/2025\/06\/Exail-facebook-768x644.png 768w\" sizes=\"(max-width: 640px) 100vw, 640px\" \/>\t\t\t\t\t\t\t\t\t\t\t\t\t<\/div>\n\t\t\t\t<\/div>\n\t\t\t\t<\/div>\n\t\t<div class=\"elementor-element elementor-element-d70f331 e-con-full e-flex rt-default-class e-con e-child\" data-id=\"d70f331\" data-element_type=\"container\">\n\t\t<div class=\"elementor-element elementor-element-bed040b e-con-full e-flex rt-default-class e-con e-child\" data-id=\"bed040b\" data-element_type=\"container\">\n\t\t\t\t<div class=\"elementor-element elementor-element-5724a45 elementor-widget__width-initial rt-default-class elementor-widget elementor-widget-text-editor\" data-id=\"5724a45\" data-element_type=\"widget\" data-widget_type=\"text-editor.default\">\n\t\t\t\t<div class=\"elementor-widget-container\">\n\t\t\t\t\t\t\t<p data-start=\"150\" data-end=\"408\">Missionn\u00e9e par <strong data-start=\"165\" data-end=\"176\">Teamupp<\/strong>, j\u2019ai anim\u00e9 deux ateliers de sophrologie d\u2019une heure autour du <strong data-start=\"240\" data-end=\"251\">sommeil<\/strong>.<br data-start=\"252\" data-end=\"255\" \/>Objectif : sensibiliser les salari\u00e9\u00b7es \u00e0 l\u2019importance d\u2019un sommeil r\u00e9parateur et leur transmettre des <strong data-start=\"357\" data-end=\"387\">outils simples et concrets<\/strong> pour mieux dormir.<\/p><p data-start=\"615\" data-end=\"807\">=&gt; Ces ateliers ont permis aux participant\u00b7es de d\u00e9couvrir des <strong data-start=\"678\" data-end=\"713\">techniques faciles \u00e0 r\u00e9utiliser<\/strong> au quotidien, afin de mieux g\u00e9rer le stress, les ruminations et les rythmes de vie charg\u00e9s.<\/p>\t\t\t\t\t\t<\/div>\n\t\t\t\t<\/div>\n\t\t\t\t<\/div>\n\t\t\t\t<\/div>\n\t\t\t\t\t<\/div>\n\t\t\t\t<\/div>\n\t\t<div class=\"elementor-element elementor-element-4fcb2c3 e-con-full e-flex rt-default-class e-con e-parent\" data-id=\"4fcb2c3\" data-element_type=\"container\">\n\t\t<div class=\"elementor-element elementor-element-1b5cee5 e-con-full e-flex rt-default-class e-con e-child\" data-id=\"1b5cee5\" data-element_type=\"container\">\n\t\t\t\t<div class=\"elementor-element elementor-element-0a8ddf9 elementor-widget__width-initial rt-default-class elementor-widget elementor-widget-heading\" data-id=\"0a8ddf9\" data-element_type=\"widget\" data-widget_type=\"heading.default\">\n\t\t\t\t<div class=\"elementor-widget-container\">\n\t\t\t<h2 class=\"elementor-heading-title elementor-size-default\">APEL de l\u2019\u00e9cole Saint-Vincent \u2013 Brest Saint-Pierre<\/h2>\t\t<\/div>\n\t\t\t\t<\/div>\n\t\t\t\t<\/div>\n\t\t\t\t<\/div>\n\t\t<div class=\"elementor-element elementor-element-a6151a0 e-flex e-con-boxed rt-default-class e-con e-parent\" data-id=\"a6151a0\" data-element_type=\"container\">\n\t\t\t\t\t<div class=\"e-con-inner\">\n\t\t<div class=\"elementor-element elementor-element-fb8c5ee e-con-full e-flex rt-default-class e-con e-child\" data-id=\"fb8c5ee\" data-element_type=\"container\">\n\t\t\t\t<div class=\"elementor-element elementor-element-cd7cb8f rt-default-class elementor-widget elementor-widget-image\" data-id=\"cd7cb8f\" data-element_type=\"widget\" data-widget_type=\"image.default\">\n\t\t\t\t<div class=\"elementor-widget-container\">\n\t\t\t\t\t\t\t\t\t\t\t\t\t<img loading=\"lazy\" decoding=\"async\" width=\"640\" height=\"480\" src=\"https:\/\/brest-sophrologue.fr\/wp-content\/uploads\/2025\/06\/20250317_192841-1024x768.jpg\" class=\"attachment-large size-large wp-image-2892\" alt=\"\" srcset=\"https:\/\/brest-sophrologue.fr\/wp-content\/uploads\/2025\/06\/20250317_192841-1024x768.jpg 1024w, https:\/\/brest-sophrologue.fr\/wp-content\/uploads\/2025\/06\/20250317_192841-300x225.jpg 300w, https:\/\/brest-sophrologue.fr\/wp-content\/uploads\/2025\/06\/20250317_192841-768x576.jpg 768w, https:\/\/brest-sophrologue.fr\/wp-content\/uploads\/2025\/06\/20250317_192841-1536x1152.jpg 1536w, https:\/\/brest-sophrologue.fr\/wp-content\/uploads\/2025\/06\/20250317_192841-2048x1536.jpg 2048w\" sizes=\"(max-width: 640px) 100vw, 640px\" \/>\t\t\t\t\t\t\t\t\t\t\t\t\t<\/div>\n\t\t\t\t<\/div>\n\t\t\t\t<\/div>\n\t\t<div class=\"elementor-element elementor-element-c1a1173 e-con-full e-flex rt-default-class e-con e-child\" data-id=\"c1a1173\" data-element_type=\"container\">\n\t\t\t\t<div class=\"elementor-element elementor-element-b4aae6d rt-default-class elementor-widget elementor-widget-text-editor\" data-id=\"b4aae6d\" data-element_type=\"widget\" data-widget_type=\"text-editor.default\">\n\t\t\t\t<div class=\"elementor-widget-container\">\n\t\t\t\t\t\t\t<p data-start=\"1126\" data-end=\"1442\"><span style=\"color: #4f4f55; font-family: Jost; font-size: 16px; font-weight: 400;\">Invit\u00e9e par l\u2019APEL, j\u2019ai anim\u00e9 un atelier pour les parents d\u2019\u00e9l\u00e8ves sur le th\u00e8me &#8220;Heureux \u00e0 l&#8217;\u00e9cole&#8221;.<\/span><\/p><p data-start=\"1126\" data-end=\"1442\">\u00c0 travers des exercices simples de respiration, de d\u00e9tente et de visualisation, les parents ont d\u00e9couvert des outils pour <strong data-start=\"340\" data-end=\"364\">apaiser les tensions<\/strong>, <strong data-start=\"366\" data-end=\"408\">favoriser un climat serein \u00e0 la maison<\/strong> et <strong data-start=\"412\" data-end=\"468\">soutenir l\u2019\u00e9panouissement de leurs enfants \u00e0 l\u2019\u00e9cole<\/strong>.<\/p><p data-start=\"1126\" data-end=\"1442\"><span style=\"color: #4f4f55; font-family: Jost; font-size: 16px; font-weight: 400;\">Un temps d\u2019\u00e9change a enrichi l\u2019atelier, permettant \u00e0 chacun de repartir avec des cl\u00e9s concr\u00e8tes \u00e0 utiliser chaque jour.<\/span><\/p>\t\t\t\t\t\t<\/div>\n\t\t\t\t<\/div>\n\t\t\t\t<\/div>\n\t\t\t\t\t<\/div>\n\t\t\t\t<\/div>\n\t\t<div class=\"elementor-element elementor-element-ec1fc66 e-flex e-con-boxed rt-default-class e-con e-parent\" data-id=\"ec1fc66\" data-element_type=\"container\">\n\t\t\t\t\t<div class=\"e-con-inner\">\n\t\t\t\t<div class=\"elementor-element elementor-element-868ff5f elementor-widget__width-initial rt-default-class elementor-widget elementor-widget-heading\" data-id=\"868ff5f\" data-element_type=\"widget\" data-widget_type=\"heading.default\">\n\t\t\t\t<div class=\"elementor-widget-container\">\n\t\t\t<h2 class=\"elementor-heading-title elementor-size-default\">Intervention \u00e0 l'Espace Insertion Don Bosco<\/h2>\t\t<\/div>\n\t\t\t\t<\/div>\n\t\t\t\t\t<\/div>\n\t\t\t\t<\/div>\n\t\t<div class=\"elementor-element elementor-element-2bc6a2f e-flex e-con-boxed rt-default-class e-con e-parent\" data-id=\"2bc6a2f\" data-element_type=\"container\">\n\t\t\t\t\t<div class=\"e-con-inner\">\n\t\t<div class=\"elementor-element elementor-element-b2efed5 e-con-full e-flex rt-default-class e-con e-child\" data-id=\"b2efed5\" data-element_type=\"container\">\n\t\t\t\t<div class=\"elementor-element elementor-element-2085120 rt-default-class elementor-widget elementor-widget-image\" data-id=\"2085120\" data-element_type=\"widget\" data-widget_type=\"image.default\">\n\t\t\t\t<div class=\"elementor-widget-container\">\n\t\t\t\t\t\t\t\t\t\t\t\t\t<img loading=\"lazy\" decoding=\"async\" width=\"560\" height=\"460\" src=\"https:\/\/brest-sophrologue.fr\/wp-content\/uploads\/2025\/06\/2024_reaumur_batiment_6_bis_2-560x460-1.jpg\" class=\"attachment-large size-large wp-image-2894\" alt=\"\" srcset=\"https:\/\/brest-sophrologue.fr\/wp-content\/uploads\/2025\/06\/2024_reaumur_batiment_6_bis_2-560x460-1.jpg 560w, https:\/\/brest-sophrologue.fr\/wp-content\/uploads\/2025\/06\/2024_reaumur_batiment_6_bis_2-560x460-1-300x246.jpg 300w\" sizes=\"(max-width: 560px) 100vw, 560px\" \/>\t\t\t\t\t\t\t\t\t\t\t\t\t<\/div>\n\t\t\t\t<\/div>\n\t\t\t\t<\/div>\n\t\t<div class=\"elementor-element elementor-element-6b7365e e-con-full e-flex rt-default-class e-con e-child\" data-id=\"6b7365e\" data-element_type=\"container\">\n\t\t\t\t<div class=\"elementor-element elementor-element-bf27160 rt-default-class elementor-widget elementor-widget-text-editor\" data-id=\"bf27160\" data-element_type=\"widget\" data-widget_type=\"text-editor.default\">\n\t\t\t\t<div class=\"elementor-widget-container\">\n\t\t\t\t\t\t\t<p data-start=\"2017\" data-end=\"2391\">J\u2019ai accompagn\u00e9 des jeunes de 16 \u00e0 25 ans, parfois d\u00e9scolaris\u00e9s ou sous-main de justice, dans leur parcours d\u2019insertion socio-professionnelle.<\/p><p data-start=\"2017\" data-end=\"2391\">Gr\u00e2ce \u00e0 la sophrologie, ils ont pu <strong data-start=\"316\" data-end=\"353\">se reconnecter \u00e0 leurs sensations<\/strong>, <strong data-start=\"355\" data-end=\"385\">mieux g\u00e9rer leurs \u00e9motions<\/strong> (anxi\u00e9t\u00e9, col\u00e8re, frustration) et <strong data-start=\"421\" data-end=\"456\">exp\u00e9rimenter un espace de calme<\/strong>.<br data-start=\"457\" data-end=\"460\" data-is-only-node=\"\" \/>Ces s\u00e9ances ont contribu\u00e9 \u00e0 <strong data-start=\"488\" data-end=\"525\">renforcer leur estime d\u2019eux-m\u00eames<\/strong> et leur capacit\u00e9 \u00e0 se projeter positivement, dans un cadre s\u00e9curisant et bienveillant.<\/p>\t\t\t\t\t\t<\/div>\n\t\t\t\t<\/div>\n\t\t\t\t<\/div>\n\t\t\t\t\t<\/div>\n\t\t\t\t<\/div>\n\t\t<div class=\"elementor-element elementor-element-db6aa8a e-flex e-con-boxed rt-default-class e-con e-parent\" data-id=\"db6aa8a\" data-element_type=\"container\">\n\t\t\t\t\t<div class=\"e-con-inner\">\n\t\t\t\t<div class=\"elementor-element elementor-element-dc1b3c2 rt-default-class elementor-widget elementor-widget-text-editor\" data-id=\"dc1b3c2\" data-element_type=\"widget\" data-widget_type=\"text-editor.default\">\n\t\t\t\t<div class=\"elementor-widget-container\">\n\t\t\t\t\t\t\t<h2 data-start=\"2898\" data-end=\"2997\">Construisons ensemble une intervention sur-mesure<\/h2><p data-start=\"263\" data-end=\"535\">Je propose des ateliers de sophrologie adapt\u00e9s \u00e0 vos besoins, en pr\u00e9sentiel ou en visio, \u00e0 Brest et dans sa r\u00e9gion.<br data-start=\"378\" data-end=\"381\" \/>Chaque s\u00e9ance est pens\u00e9e pour r\u00e9pondre aux sp\u00e9cificit\u00e9s de votre structure et du public accompagn\u00e9 : collaborateurs, \u00e9l\u00e8ves, r\u00e9sidents ou b\u00e9n\u00e9ficiaires.<\/p><p data-start=\"537\" data-end=\"676\">\ud83d\udce9 <strong data-start=\"540\" data-end=\"557\">Contactez-moi<\/strong> pour \u00e9changer sur votre projet : <a class=\"decorated-link cursor-pointer\" rel=\"noopener\" data-start=\"591\" data-end=\"623\">stephaniesophrologue@hotmail.com<\/a><br data-start=\"623\" data-end=\"626\" \/>\ud83d\udcde Ou directement par t\u00e9l\u00e9phone : 06 56 79 99 50<\/p>\t\t\t\t\t\t<\/div>\n\t\t\t\t<\/div>\n\t\t\t\t\t<\/div>\n\t\t\t\t<\/div>\n\t\t\t\t<\/div>\n\t\t","protected":false},"excerpt":{"rendered":"<p>J\u2019interviens en dehors du cabinet au sein de structures et d\u2019organismes, pour proposer des ateliers et cycles de sophrologie adapt\u00e9s \u00e0 des publics vari\u00e9s. Ces interventions peuvent \u00eatre ponctuelles ou s\u2019inscrire dans un cadre plus r\u00e9gulier, en fonction des besoins et des projets de chaque structure. S\u00e9ances collectives \u00e0 la r\u00e9sidence seniors Oh Activ \u2013&#8230;<\/p>\n","protected":false},"author":1,"featured_media":0,"parent":0,"menu_order":0,"comment_status":"closed","ping_status":"closed","template":"","meta":{"footnotes":""},"class_list":["post-2989","page","type-page","status-publish","hentry"],"aioseo_notices":[],"_links":{"self":[{"href":"https:\/\/brest-sophrologue.fr\/index.php\/wp-json\/wp\/v2\/pages\/2989","targetHints":{"allow":["GET"]}}],"collection":[{"href":"https:\/\/brest-sophrologue.fr\/index.php\/wp-json\/wp\/v2\/pages"}],"about":[{"href":"https:\/\/brest-sophrologue.fr\/index.php\/wp-json\/wp\/v2\/types\/page"}],"author":[{"embeddable":true,"href":"https:\/\/brest-sophrologue.fr\/index.php\/wp-json\/wp\/v2\/users\/1"}],"replies":[{"embeddable":true,"href":"https:\/\/brest-sophrologue.fr\/index.php\/wp-json\/wp\/v2\/comments?post=2989"}],"version-history":[{"count":56,"href":"https:\/\/brest-sophrologue.fr\/index.php\/wp-json\/wp\/v2\/pages\/2989\/revisions"}],"predecessor-version":[{"id":3715,"href":"https:\/\/brest-sophrologue.fr\/index.php\/wp-json\/wp\/v2\/pages\/2989\/revisions\/3715"}],"wp:attachment":[{"href":"https:\/\/brest-sophrologue.fr\/index.php\/wp-json\/wp\/v2\/media?parent=2989"}],"curies":[{"name":"wp","href":"https:\/\/api.w.org\/{rel}","templated":true}]}}