{"id":3582,"date":"2025-11-04T16:41:41","date_gmt":"2025-11-04T15:41:41","guid":{"rendered":"https:\/\/brest-sophrologue.fr\/?page_id=3582"},"modified":"2026-01-07T09:48:09","modified_gmt":"2026-01-07T08:48:09","slug":"elementor-page-3582","status":"publish","type":"page","link":"https:\/\/brest-sophrologue.fr\/index.php\/elementor-page-3582\/","title":{"rendered":"Conditions G\u00e9n\u00e9rales de Vente (CGV) &#8211; Conditions G\u00e9n\u00e9rales d&#8217;Utilisation (CGU)"},"content":{"rendered":"\t\t<div data-elementor-type=\"wp-page\" data-elementor-id=\"3582\" class=\"elementor elementor-3582\">\n\t\t\t\t<div class=\"elementor-element elementor-element-34e52cd e-flex e-con-boxed rt-default-class e-con e-parent\" data-id=\"34e52cd\" data-element_type=\"container\">\n\t\t\t\t\t<div class=\"e-con-inner\">\n\t\t\t\t<div class=\"elementor-element elementor-element-38fd76d rt-default-class elementor-widget elementor-widget-text-editor\" data-id=\"38fd76d\" data-element_type=\"widget\" data-widget_type=\"text-editor.default\">\n\t\t\t\t<div class=\"elementor-widget-container\">\n\t\t\t\t\t\t\t<h2 data-start=\"1294\" data-end=\"1350\"><strong data-start=\"1300\" data-end=\"1350\">Partie 1 \u2013 Conditions G\u00e9n\u00e9rales de Vente (CGV)<\/strong><\/h2><h3 data-start=\"1352\" data-end=\"1368\"><strong data-start=\"1356\" data-end=\"1368\">1. Objet<\/strong><\/h3><p data-start=\"1369\" data-end=\"1586\">Les pr\u00e9sentes Conditions G\u00e9n\u00e9rales de Vente r\u00e9gissent les relations contractuelles entre <strong data-start=\"1458\" data-end=\"1508\">St\u00e9phanie Le Breton EI \u2013 Sophrologue certifi\u00e9e<\/strong> et toute personne souhaitant b\u00e9n\u00e9ficier de ses prestations de sophrologie :<\/p><ul data-start=\"1587\" data-end=\"1688\"><li data-start=\"1587\" data-end=\"1613\"><p data-start=\"1589\" data-end=\"1613\">s\u00e9ances individuelles,<\/p><\/li><li data-start=\"1614\" data-end=\"1638\"><p data-start=\"1616\" data-end=\"1638\">s\u00e9ances collectives,<\/p><\/li><li data-start=\"1639\" data-end=\"1664\"><p data-start=\"1641\" data-end=\"1664\">ateliers th\u00e9matiques,<\/p><\/li><li data-start=\"1665\" data-end=\"1688\"><p data-start=\"1667\" data-end=\"1688\">et ch\u00e8ques cadeaux.<\/p><\/li><\/ul><p data-start=\"1690\" data-end=\"1805\">Toute r\u00e9servation de s\u00e9ance ou achat de ch\u00e8que cadeau implique l\u2019acceptation sans r\u00e9serve des pr\u00e9sentes conditions.<\/p><hr data-start=\"1807\" data-end=\"1810\" \/><h3 data-start=\"1812\" data-end=\"1844\"><strong data-start=\"1816\" data-end=\"1844\">2. Prestations propos\u00e9es<\/strong><\/h3><p data-start=\"1845\" data-end=\"2075\">Les accompagnements de sophrologie propos\u00e9s par St\u00e9phanie Le Breton visent \u00e0 favoriser le bien-\u00eatre, la d\u00e9tente et le d\u00e9veloppement personnel.<br data-start=\"1987\" data-end=\"1990\" \/>Ils ne remplacent en aucun cas un traitement m\u00e9dical, psychologique ou psychiatrique.<\/p><hr data-start=\"2077\" data-end=\"2080\" \/><h3 data-start=\"2082\" data-end=\"2112\"><strong data-start=\"2086\" data-end=\"2112\">3. Tarifs et paiements<\/strong><\/h3><p data-start=\"2113\" data-end=\"2225\">Les tarifs des prestations sont indiqu\u00e9s en euros et nets de taxe (TVA non applicable \u2013 article 293 B du CGI).<\/p><p data-start=\"2227\" data-end=\"2265\">Les paiements peuvent \u00eatre effectu\u00e9s :<\/p><ul data-start=\"2266\" data-end=\"2357\"><li data-start=\"2266\" data-end=\"2286\"><p data-start=\"2268\" data-end=\"2286\">par <strong data-start=\"2272\" data-end=\"2283\">esp\u00e8ces<\/strong>,<\/p><\/li><li data-start=\"2287\" data-end=\"2302\"><p data-start=\"2289\" data-end=\"2302\"><strong data-start=\"2289\" data-end=\"2299\">ch\u00e8que<\/strong>,<\/p><\/li><li data-start=\"2287\" data-end=\"2302\"><p data-start=\"2289\" data-end=\"2302\"><strong data-start=\"2289\" data-end=\"2299\">carte bancaire,<\/strong><\/p><\/li><li data-start=\"2287\" data-end=\"2302\">ou<strong><strong> virement bancaire, <\/strong><\/strong>(selon accord pr\u00e9alable).<\/li><\/ul><p data-start=\"2359\" data-end=\"2488\">Le paiement s\u2019effectue <strong data-start=\"2382\" data-end=\"2406\">le jour de la s\u00e9ance<\/strong>, sauf mention contraire.<br data-start=\"2431\" data-end=\"2434\" \/>Aucune s\u00e9ance ne sera r\u00e9alis\u00e9e sans r\u00e8glement complet.<\/p><hr data-start=\"2490\" data-end=\"2493\" \/><h3 data-start=\"2495\" data-end=\"2521\"><strong data-start=\"2499\" data-end=\"2521\">4. Ch\u00e8ques cadeaux<\/strong><\/h3><p data-start=\"2522\" data-end=\"2680\">Les <strong data-start=\"2526\" data-end=\"2545\">ch\u00e8ques cadeaux<\/strong> permettent d\u2019offrir une s\u00e9ance d\u2019une heure de sophro-relaxation au <strong data-start=\"2613\" data-end=\"2678\">Lieu des Possibles \u2013 23 bis rue Fran\u00e7ois Cordon, 29200 Brest.<\/strong><\/p><p data-start=\"2682\" data-end=\"2692\">Ils sont :<\/p><ul data-start=\"2693\" data-end=\"2936\"><li data-start=\"2693\" data-end=\"2745\"><p data-start=\"2695\" data-end=\"2745\">valables <strong data-start=\"2704\" data-end=\"2713\">un an<\/strong> \u00e0 compter de la date d\u2019achat,<\/p><\/li><li data-start=\"2746\" data-end=\"2784\"><p data-start=\"2748\" data-end=\"2784\">utilisables <strong data-start=\"2760\" data-end=\"2781\">en une seule fois<\/strong>,<\/p><\/li><li data-start=\"2785\" data-end=\"2829\"><p data-start=\"2787\" data-end=\"2829\"><strong data-start=\"2787\" data-end=\"2826\">non remboursables, non \u00e9changeables<\/strong>,<\/p><\/li><li data-start=\"2830\" data-end=\"2877\"><p data-start=\"2832\" data-end=\"2877\"><strong data-start=\"2832\" data-end=\"2853\">non transf\u00e9rables<\/strong> \u00e0 une autre personne,<\/p><\/li><li data-start=\"2878\" data-end=\"2936\"><p data-start=\"2880\" data-end=\"2936\"><strong data-start=\"2880\" data-end=\"2898\">non cumulables<\/strong> avec d\u2019autres offres ou promotions.<\/p><\/li><\/ul><p data-start=\"2938\" data-end=\"3054\">En cas de perte, de vol, de d\u00e9t\u00e9rioration ou d\u2019utilisation sans autorisation, aucun remplacement ne sera effectu\u00e9.<\/p><p data-start=\"3056\" data-end=\"3286\">En cas d\u2019impossibilit\u00e9 de se rendre au rendez-vous, le b\u00e9n\u00e9ficiaire doit <strong data-start=\"3129\" data-end=\"3191\">annuler ou reporter au plus tard 48 heures avant la s\u00e9ance<\/strong>,<br data-start=\"3192\" data-end=\"3195\" \/>par e-mail \u00e0 <strong data-start=\"3208\" data-end=\"3244\"><a class=\"decorated-link cursor-pointer\" rel=\"noopener\" data-start=\"3210\" data-end=\"3242\">stephaniesophrologue@hotmail.com<\/a><\/strong> ou par t\u00e9l\u00e9phone au <strong data-start=\"3265\" data-end=\"3283\">06 56 79 99 50<\/strong>.<\/p><p data-start=\"3288\" data-end=\"3415\">Tout rendez-vous annul\u00e9 <strong data-start=\"3312\" data-end=\"3345\">moins de 48 heures \u00e0 l\u2019avance<\/strong> est <strong data-start=\"3350\" data-end=\"3356\">d\u00fb<\/strong>,<br data-start=\"3357\" data-end=\"3360\" \/>et le ch\u00e8que cadeau sera consid\u00e9r\u00e9 comme <strong data-start=\"3401\" data-end=\"3412\">utilis\u00e9<\/strong>.<\/p><hr data-start=\"3417\" data-end=\"3420\" \/><h3 data-start=\"3422\" data-end=\"3453\"><strong data-start=\"3426\" data-end=\"3453\">5. Annulation et report<\/strong><\/h3><p data-start=\"3454\" data-end=\"3598\">Toute s\u00e9ance individuelle ou collective annul\u00e9e <strong data-start=\"3502\" data-end=\"3535\">moins de 48 heures \u00e0 l\u2019avance<\/strong> est <strong data-start=\"3540\" data-end=\"3568\">due dans son int\u00e9gralit\u00e9<\/strong>, sauf cas de force majeure.<\/p><p data-start=\"3600\" data-end=\"3702\">En cas d\u2019emp\u00eachement de la praticienne, un report sera propos\u00e9 dans les plus brefs d\u00e9lais, sans frais.<\/p><hr data-start=\"3704\" data-end=\"3707\" \/><h3 data-start=\"3709\" data-end=\"3734\"><strong data-start=\"3713\" data-end=\"3734\">6. Responsabilit\u00e9<\/strong><\/h3><p data-start=\"3735\" data-end=\"3921\">Les pratiques propos\u00e9es ne se substituent \u00e0 aucun suivi m\u00e9dical ni traitement th\u00e9rapeutique.<br data-start=\"3827\" data-end=\"3830\" \/>Le client reste seul responsable de son \u00e9tat de sant\u00e9 et de sa participation aux s\u00e9ances.<\/p><hr data-start=\"3923\" data-end=\"3926\" \/><h3 data-start=\"443\" data-end=\"479\"><strong data-start=\"447\" data-end=\"479\">7. R\u00e9clamations et m\u00e9diation<\/strong><\/h3><p data-start=\"481\" data-end=\"620\">En cas de litige, le client est invit\u00e9 \u00e0 contacter dans un premier temps <strong data-start=\"554\" data-end=\"577\">St\u00e9phanie Le Breton<\/strong> afin de rechercher une solution amiable.<\/p><p data-start=\"622\" data-end=\"803\">Conform\u00e9ment aux dispositions du Code de la Consommation (articles L.611-1 \u00e0 L.616-3), le client peut \u00e9galement recourir gratuitement \u00e0 un service de m\u00e9diation de la consommation.<\/p><p data-start=\"805\" data-end=\"1134\"><strong data-start=\"805\" data-end=\"869\">M\u00e9diateur de la consommation : M\u00c9DIATION CONSOMMATION D\u00c9VELOPPEMENT &#8211; MED CONSO DEV<br \/><\/strong>Centre d\u2019Affaires St\u00e9phanois SAS \u2013 Immeuble L\u2019Horizon<br data-start=\"925\" data-end=\"928\" \/>Esplanade de France \u2013 3, rue J. Constant Milleret<br data-start=\"977\" data-end=\"980\" \/>42000 Saint-\u00c9tienne<br data-start=\"1048\" data-end=\"1051\" \/><a href=\"https:\/\/www.medconsodev.eu\/\">medconsodev.eu<\/a><\/p><hr data-start=\"4432\" data-end=\"4435\" \/><h3 data-start=\"4437\" data-end=\"4464\"><strong data-start=\"4441\" data-end=\"4464\">8. Droit applicable<\/strong><\/h3><p data-start=\"4465\" data-end=\"4597\">Les pr\u00e9sentes CGV sont soumises au droit fran\u00e7ais.<br data-start=\"4515\" data-end=\"4518\" \/>En cas de litige, les tribunaux comp\u00e9tents seront ceux du ressort de <strong data-start=\"4587\" data-end=\"4596\">Brest<\/strong>.<\/p><hr data-start=\"4599\" data-end=\"4602\" \/><h2 data-start=\"4604\" data-end=\"4665\"><strong data-start=\"4610\" data-end=\"4665\">Partie 2 \u2013 Conditions G\u00e9n\u00e9rales d\u2019Utilisation (CGU)<\/strong><\/h2><h3 data-start=\"4667\" data-end=\"4683\"><strong data-start=\"4671\" data-end=\"4683\">1. Objet<\/strong><\/h3><p data-start=\"4684\" data-end=\"4871\">Les pr\u00e9sentes CGU d\u00e9finissent les conditions d\u2019acc\u00e8s et d\u2019utilisation du site <strong data-start=\"4762\" data-end=\"4786\">brest-sophrologue.fr<\/strong>.<br data-start=\"4787\" data-end=\"4790\" \/>L\u2019utilisation du site implique l\u2019acceptation pleine et enti\u00e8re de ces conditions.<\/p><hr data-start=\"4873\" data-end=\"4876\" \/><h3 data-start=\"4878\" data-end=\"4902\"><strong data-start=\"4882\" data-end=\"4902\">2. Acc\u00e8s au site<\/strong><\/h3><p data-start=\"4903\" data-end=\"5099\">Le site est normalement accessible \u00e0 tout moment.<br data-start=\"4952\" data-end=\"4955\" \/>Une interruption pour maintenance technique peut toutefois \u00eatre d\u00e9cid\u00e9e par St\u00e9phanie Le Breton, qui s\u2019efforcera d\u2019en informer les utilisateurs.<\/p><hr data-start=\"5101\" data-end=\"5104\" \/><h3 data-start=\"5106\" data-end=\"5141\"><strong data-start=\"5110\" data-end=\"5141\">3. Propri\u00e9t\u00e9 intellectuelle<\/strong><\/h3><p data-start=\"5142\" data-end=\"5451\">Tous les \u00e9l\u00e9ments du site (textes, images, graphismes, logo, vid\u00e9os) sont prot\u00e9g\u00e9s par le droit d\u2019auteur.<br data-start=\"5247\" data-end=\"5250\" \/>Toute reproduction totale ou partielle est interdite sans autorisation \u00e9crite pr\u00e9alable.<br data-start=\"5338\" data-end=\"5341\" \/>Les photographies du site appartiennent \u00e0 <strong data-start=\"5383\" data-end=\"5406\">St\u00e9phanie Le Breton<\/strong> et <strong data-start=\"5410\" data-end=\"5426\">Nokee.photos<\/strong>, sauf mention contraire.<\/p><hr data-start=\"5453\" data-end=\"5456\" \/><h3 data-start=\"5458\" data-end=\"5489\"><strong data-start=\"5462\" data-end=\"5489\">4. Donn\u00e9es personnelles<\/strong><\/h3><p data-start=\"5490\" data-end=\"5608\">L\u2019utilisation du site implique l\u2019acceptation de la <strong data-start=\"5541\" data-end=\"5573\">Politique de confidentialit\u00e9<\/strong>, consultable sur la page d\u00e9di\u00e9e.<\/p><hr data-start=\"5610\" data-end=\"5613\" \/><h3 data-start=\"5615\" data-end=\"5640\"><strong data-start=\"5619\" data-end=\"5640\">5. Liens externes<\/strong><\/h3><p data-start=\"5641\" data-end=\"5795\">Le site peut contenir des liens vers d\u2019autres sites.<br data-start=\"5693\" data-end=\"5696\" \/>St\u00e9phanie Le Breton n\u2019est pas responsable de leur contenu ni de leurs pratiques de confidentialit\u00e9.<\/p><hr data-start=\"5797\" data-end=\"5800\" \/><h3 data-start=\"5802\" data-end=\"5829\"><strong data-start=\"5806\" data-end=\"5829\">6. Droit applicable<\/strong><\/h3><p data-start=\"5830\" data-end=\"5994\">Les pr\u00e9sentes CGU sont r\u00e9gies par le droit fran\u00e7ais.<br data-start=\"5882\" data-end=\"5885\" \/>Tout litige relatif \u00e0 l\u2019interpr\u00e9tation ou \u00e0 l\u2019ex\u00e9cution des pr\u00e9sentes sera soumis aux tribunaux de <strong data-start=\"5984\" data-end=\"5993\">Brest<\/strong>.<\/p>\t\t\t\t\t\t<\/div>\n\t\t\t\t<\/div>\n\t\t\t\t\t<\/div>\n\t\t\t\t<\/div>\n\t\t\t\t<\/div>\n\t\t","protected":false},"excerpt":{"rendered":"<p>Partie 1 \u2013 Conditions G\u00e9n\u00e9rales de Vente (CGV) 1. Objet Les pr\u00e9sentes Conditions G\u00e9n\u00e9rales de Vente r\u00e9gissent les relations contractuelles entre St\u00e9phanie Le Breton EI \u2013 Sophrologue certifi\u00e9e et toute personne souhaitant b\u00e9n\u00e9ficier de ses prestations de sophrologie : s\u00e9ances individuelles, s\u00e9ances collectives, ateliers th\u00e9matiques, et ch\u00e8ques cadeaux. Toute r\u00e9servation de s\u00e9ance ou achat de&#8230;<\/p>\n","protected":false},"author":1,"featured_media":0,"parent":0,"menu_order":0,"comment_status":"closed","ping_status":"closed","template":"","meta":{"footnotes":""},"class_list":["post-3582","page","type-page","status-publish","hentry"],"aioseo_notices":[],"_links":{"self":[{"href":"https:\/\/brest-sophrologue.fr\/index.php\/wp-json\/wp\/v2\/pages\/3582","targetHints":{"allow":["GET"]}}],"collection":[{"href":"https:\/\/brest-sophrologue.fr\/index.php\/wp-json\/wp\/v2\/pages"}],"about":[{"href":"https:\/\/brest-sophrologue.fr\/index.php\/wp-json\/wp\/v2\/types\/page"}],"author":[{"embeddable":true,"href":"https:\/\/brest-sophrologue.fr\/index.php\/wp-json\/wp\/v2\/users\/1"}],"replies":[{"embeddable":true,"href":"https:\/\/brest-sophrologue.fr\/index.php\/wp-json\/wp\/v2\/comments?post=3582"}],"version-history":[{"count":24,"href":"https:\/\/brest-sophrologue.fr\/index.php\/wp-json\/wp\/v2\/pages\/3582\/revisions"}],"predecessor-version":[{"id":3686,"href":"https:\/\/brest-sophrologue.fr\/index.php\/wp-json\/wp\/v2\/pages\/3582\/revisions\/3686"}],"wp:attachment":[{"href":"https:\/\/brest-sophrologue.fr\/index.php\/wp-json\/wp\/v2\/media?parent=3582"}],"curies":[{"name":"wp","href":"https:\/\/api.w.org\/{rel}","templated":true}]}}